of h(a).
2, 7
What are the prime factors of (-13)/(65/(-240)) - 0?
2, 3
Suppose -2*h + 2*f = 68, -2*h + 5*f = 11 + 48. Let o = -12 - h. What are the prime factors of o?
5
Suppose 5*n - 4*n + 1 = 0. Let h = n + 4. List the prime factors of 49/4 - h/12.
2, 3
Suppose -2*g = -1 - 3. Suppose -3*p = g*p - 45. What are the prime factors of p?
3
Suppose 2*l + 3*l = 130. What are the prime factors of l?
2, 13
Suppose -5*g + 3*t = -2*t, -5*g - 5*t = 0. Suppose a - 3*u - 16 = 0, a = -g*a + 4*u + 18. List the prime factors of a.
2, 5
Let p = -13 + 34. List the prime factors of p.
3, 7
Suppose -4*z - 5 = -257. What are the prime factors of z?
3, 7
Let u(h) = h**3 - 10*h**2 - 13*h - 72. What are the prime factors of u(13)?
2, 7, 19
Suppose 0 = -2*s + 20 + 146. List the prime factors of s.
83
Let s(x) = x**2 - 3*x + 3. Suppose 0 = -3*n + 9, -4*i = i - 2*n - 19. What are the prime factors of s(i)?
13
Let n be 2/(-7) + 48/21. Suppose 0 = n*c - 5*c - 4*q + 52, -4*q = -c - 4. What are the prime factors of c?
2, 3
What are the prime factors of (-178)/(-3) - (-5)/(-15)?
59
Let y be 37/5 - (-2)/(-5). Suppose y = 3*w - 8. Suppose -3*q + 43 = -5*c, q = -3*q + w*c + 49. List the prime factors of q.
2, 3
Suppose 2*c = 5*w - 424, -3*w + 246 = 3*c - 0*c. What are the prime factors of w?
2, 3, 7
Let m be ((-64)/(-10))/(7/35). Suppose 2*o - m = c - 3*c, 60 = 3*c - o. List the prime factors of c.
19
Let r(g) = 3*g. Let f be r(1). List the prime factors of ((-4)/f)/(3/(-45)).
2, 5
Let w = 0 - -1. Let n(u) = 31*u**2 - 2*u + 1. What are the prime factors of n(w)?
2, 3, 5
Let l(p) = 10*p + 12. What are the prime factors of l(25)?
2, 131
Suppose -5*f - 171 = -3*y, 3*y + 3*f = 45 + 102. What are the prime factors of y?
2, 13
Suppose -4*y - 1 = -9. Suppose 0 = -2*v - y*v + 60. Suppose -b + v = -4*g, -3*g + 15 = b - 6*g. List the prime factors of b.
3, 5
Let w = 4 - 36. Suppose 4*c - c - 165 = 0. Let x = w + c. List the prime factors of x.
23
Let h(w) = 2*w**2 + 5*w - w**2 + 7 - 3*w + w**2. List the prime factors of h(-4).
31
Let n(s) = 3*s**2 - s. Let v be n(-1). Suppose v*o + 0 + 44 = 0. Let f = o + 16. List the prime factors of f.
5
What are the prime factors of 418/8 - 6/24?
2, 13
Let f(b) be the third derivative of b**5/60 + b**4/8 - b**3/2 - 2*b**2. Let v be f(-5). Suppose r - 4 = v. List the prime factors of r.
11
Let b be ((-16)/24)/(4/(-18)). Suppose -j = b*m - 25, m + 3*j = -j + 23. What are the prime factors of m?
7
Suppose -q + 4*q - 162 = 0. Let z = q - 92. Let j = -24 - z. List the prime factors of j.
2, 7
Suppose 0 = -j + 8*j - 35. Suppose -y = -5*u + 42, -18 = -2*u + j*y - 4*y. List the prime factors of u.
2
Let f(m) = m**2 + 12*m + 1. Let v be (-1 - 0)*(0 - -13). List the prime factors of f(v).
2, 7
Let o(m) = -m**3 - 6*m**2 - 6*m + 4. Let c be 67/(-13) + (-12)/(-78). List the prime factors of o(c).
3
Let s(d) = -2*d - 1. Let r be s(-2). Suppose -7*u + 3*v = -r*u - 8, -13 = -3*u + 4*v. Let q = 3 - u. What are the prime factors of q?
2
Suppose -5*p + 5*a + 100 = 0, 0*a = 3*p + a - 80. What are the prime factors of p?
5
Let a be ((-3)/3)/((-3)/3). Suppose t + a = 42. List the prime factors of t.
41
What are the prime factors of 3 - (39/(-3) - -4)?
2, 3
List the prime factors of 780/(-8)*-2*6/15.
2, 3, 13
Let f be -2 - (-1 + -5) - -1. Suppose -3*t - 14 = -f*u + 4*u, 0 = -5*u - 3*t + 16. Suppose -d = 2*i - 13, u*d + i - 31 = d. List the prime factors of d.
7
Suppose 3*w + w - 512 = 0. Suppose 0*g + 4*g - w = -4*m, 4*g = -2*m + 124. Let n = g - 21. List the prime factors of n.
3
Let z = 95 - 63. Suppose -2*u + 2*m = -z, 51 = 5*u + 3*m - 53. List the prime factors of u.
19
Let z = 60 - 25. List the prime factors of z.
5, 7
Let d = 50 + 2. List the prime factors of d.
2, 13
Let j = -33 - -56. List the prime factors of j.
23
Suppose 0*l - 4*l = 0. Suppose 8*t - 3*t - 445 = l. Suppose -38 = -2*w - 0*x + x, -t = -5*w + x. List the prime factors of w.
17
Let a(n) = n**3 + 6*n**2 - 2*n - 1. Let i(r) = r**3 - 6*r**2 - 9*r + 8. Let v be i(7). List the prime factors of a(v).
11
Let c = 57 - 41. What are the prime factors of c?
2
What are the prime factors of (6/10 + -1)/((-8)/2200)?
2, 5, 11
Suppose 2*d = -5*r - 5, 0 = -5*d - 2*r - 2 - 63. Suppose 100 = 5*q - q. Let v = d + q. List the prime factors of v.
2, 5
Suppose -q + 4*j - 12 + 30 = 0, q - 10 = 2*j. Suppose q*a - 5*v - 43 = 0, a + a = 3*v + 41. List the prime factors of a.
19
Suppose 0 = -3*k + 2*f + f - 45, 5*k - 4*f = -75. Let x = k + 27. List the prime factors of x.
2, 3
Suppose -2*g + 71 = 15. Suppose 3*b - g = 44. List the prime factors of b.
2, 3
Let c(i) = -i. Let r(v) = 3*v + 4. Let m(k) = -4*c(k) - r(k). Let y be m(8). Suppose -28 = -p + y*o, -5*p + o + 86 - 22 = 0. List the prime factors of p.
2, 3
Suppose 3*m + m - r - 78 = 0, 5*r - 10 = 0. What are the prime factors of m?
2, 5
Suppose 0 = i - 2*i - 4*n + 5, 0 = -i + 2*n - 1. Let v = -12 + 29. Suppose -u + v = i. List the prime factors of u.
2
Suppose -3*n + 7*n - 304 = 0. List the prime factors of n.
2, 19
Suppose 2*f - 6*m = -m - 12, -18 = 3*f - m. Let a = f - -8. Suppose -x = 4*c - 23, a*x = 4*c - x - 11. List the prime factors of c.
5
Let b(t) be the first derivative of 3*t**2/2 - 7*t - 5. Let a be b(5). Suppose 2*x = -k + 6, -4*x = -3*k + 20 + a. What are the prime factors of k?
2
Suppose 2*s = -3*d + 2*d - 16, 3*d = -4*s - 38. Let p(l) = -l**3 - 5*l**2 + 5*l - 4. Let i be p(-6). Let y = i - d. List the prime factors of y.
2
Suppose t + 42 = 4*t. Suppose 5*u - 2*j - 70 = 0, 2*j = -u + 6*j + t. List the prime factors of u.
2, 7
Let s = -20 - -57. What are the prime factors of s?
37
Let l(i) = -2*i - 14. Let j be l(12). Let n = 65 + j. List the prime factors of n.
3
Suppose 4*i - 3*i - 120 = 0. What are the prime factors of i?
2, 3, 5
Suppose -3*y = -4*y. Suppose -3*b - 6 + 72 = y. What are the prime factors of b?
2, 11
Let z = 21 - -8. What are the prime factors of z?
29
Let z(q) = -q**3 - 4*q**2 + 2*q - 1. Let h be (2 - 3) + (-3)/1. Let y be z(h). Let m(t) = -t - 5. List the prime factors of m(y).
2
Let h(x) = -x + 1. Let t(r) = -4*r + 14. Let s(w) = -3*h(w) + t(w). Let k = -1 - -1. List the prime factors of s(k).
11
Suppose -2*b - 8 = -2, -5*b = -l + 24. What are the prime factors of (1 + l)/((-4)/(-8))?
2, 5
Let z(p) = 6*p + 4. What are the prime factors of z(2)?
2
Let a(l) = l**2 - 12*l - 11. Let o be a(13). List the prime factors of (o - 27)*24/(-15).
2, 5
Let r(c) = c**3 + 10*c**2 - c - 11. Let s be r(-10). What are the prime factors of 10*s*(2 + -3)?
2, 5
Suppose 0 = -3*u + 9, 3*x - 18 + 0 = -4*u. Suppose x*k + 2*k = 72. What are the prime factors of k?
2, 3
Suppose 0 = -y - 9*f + 6*f + 14, 0 = -4*y - 5*f + 35. Let i = 1 + y. What are the prime factors of i?
2, 3
Let j(l) = l**2 + 2*l. Let p be j(6). Let r be ((-6)/9)/((-2)/36). Suppose 4*t = -r + p. What are the prime factors of t?
3
Suppose -2*u = -4*x - 20, -3*u + 38 + 2 = 4*x. What are the prime factors of u?
2, 3
Let y(j) = -j**2 - 7*j - 2. Let a be y(-6). Suppose m = -m - a*n - 12, -n - 25 = -5*m. List the prime factors of m/(-6) + 34/6.
5
Suppose 0*i = -2*i - 8, -4*i - 24 = -2*d. Let c(k) = 13*k - 3. What are the prime factors of c(d)?
7
Let o = 2 - 3. Let m(h) = h**2 - h - 2. Let j be m(0). What are the prime factors of 2 + 2 + (o - j)?
5
What are the prime factors of (-2)/(3/(-249 + 3))?
2, 41
Let w = -15 + 36. Let g be 6/w - 36/(-21). Suppose g*v + 2 - 20 = 0. What are the prime factors of v?
3
Let c = 2 - 0. Suppose c*w - 5*w + 12 = 0. List the prime factors of w.
2
What are the prime factors of (-686)/(-10) - (-21)/(-35)?
2, 17
Let s(p) = -2*p**3 + 3*p**2 - 2*p. Let v be s(2). List the prime factors of (-114)/(-9)*(-12)/v.
19
Let s = 23 + -43. Let t = -10 - s. List the prime factors of t.
2, 5
Let c = 1 + 2. Let m = c + 2. Suppose m*b - 5*z = 75, -2*b = -5*b - 5*z + 13. List the prime factors of b.
11
Let c(d) = 2*d**2 + 3*d. Let j be c(3). Let y be (-1 + 1)*(-1 + 0). Suppose 5*a - 2*a - j = y. What are the prime factors of a?
3
Let c(r) = r**3 + 3*r**2 - 2*r - 1. Let b be -6*((-10)/4 + 3). List the prime factors of c(b).
5
Let n(c) = c - 3. Let d be n(5). Suppose -d*h = -25 - 33. What are the prime factors of h?
29
Let h(p) be the third derivative of -p**5/60 - p**4/3 + 2*p**3 - 3*p**